- (18 - 11).
-7
Calculate 2 + (-5 - (-5 - -7)).
-5
Evaluate (-24 - -31) + -2 + -1.
4
(-10 - -3) + (12 - 6)
-1
Calculate -3 - -4 - (-27 - -27).
1
What is the value of (-1 + 0 - -4) + 0 - 2?
1
0 + (-1 - (5 - 4)) + 4
2
Calculate (108 - 93) + -9 + 2.
8
-5 + -2 + (-5 - -4 - -3)
-5
What is -19 + 28 - (2 - 2)?
9
Evaluate (-10 - 1) + (42 - 35).
-4
Evaluate (6 - 0) + (0 - 1 - 1).
4
Calculate (-14 - -11) + -6 + 7.
-2
What is the value of -4 + 2 + -1 + 4?
1
Evaluate -5 + 2 + 0 + (-17 - -22).
2
Evaluate (-3 - ((1 - 1) + 1)) + 6.
2
4 - (3 - (-2 + 6))
5
-3 - (3 + -1 + (9 - 7))
-7
Evaluate (-3 + (-4 - -17) - 3) + -4.
3
What is the value of -1 - -1 - (2 + 4)?
-6
What is the value of 0 - 5 - (-11 - (4 + -7))?
3
What is the value of -1 - 1 - (0 + -4 + 4)?
-2
What is the value of 34 + -48 - (-1 + -7)?
-6
Calculate 1 + (-4 - (1 + 2 + -1)).
-5
What is 2 - (0 - 0) - -1 - -2?
5
What is -2 + -1 + (-2 - -5)?
0
-2 + 14 + -4 + -5
3
Calculate (1 + -2 - 1) + -4 + 3.
-3
6 - (-8 + (2 - -14))
-2
Calculate 2 + 0 - (-4 + 4).
2
What is -9 + (-2 - -7 - 7) + 3?
-8
What is the value of -9 + 18 + -1 - 0?
8
Calculate 1 + (3 - -3 - 8).
-1
What is the value of -6 + 4 + 0 - -4?
2
Evaluate -4 + (-1 - -3) + (9 - 3).
4
Calculate ((-2 - 2) + 1 - -2) + 5.
4
7 - (-1 + 7 + 0) - 7
-6
2 + -3 + 2 - (-5 + 1)
5
What is the value of 6 + (2 - 4) + -6 + -1?
-3
Calculate 6 + -1 - (-64 + 69) - -9.
9
-32 - -42 - (2 + 2)
6
Evaluate 3 + (2 - -1) + -3.
3
Evaluate (6 + -12 - -8) + -1.
1
Calculate (48 - 43) + (-10 - -2).
-3
Evaluate 0 + 12 + (4 - (11 - 1)).
6
Calculate (0 - (0 - 0)) + (174 - 178).
-4
What is the value of 7 + -6 + -3 - 1?
-3
What is 1 + -5 + (0 - (-6 + 3))?
-1
What is 6 - (-1 - (-4 - -1))?
4
Calculate (-5 - -2) + 1 + -1.
-3
-5 - 1 - (7 - 9)
-4
-4 - (-4 - -3) - -4
1
Evaluate 1 - (3 + -9 + 1 - -3).
3
9 - 16 - (-8 + 4)
-3
0 + (-5 - (-3 - 9))
7
Calculate -4 + 7 + (-4 - -3 - -3).
5
What is (0 - 0) + 2 - (-48 + 50)?
0
Evaluate 3 - (-4 + 8) - (-2 + 0).
1
2 + (-4 - (0 - 4)) - -3
5
What is the value of 8 + (6 - (14 - 6))?
6
Evaluate (-5 - (-10 + (3 - -1))) + 3.
4
What is the value of -9 - (-8 + (10 - -5) - 6)?
-10
8 + 4 + (-11 - -4)
5
What is the value of 4 + (0 - -3) + -3?
4
What is -2 + -22 - (3 + -16)?
-11
0 + (-12 - (-5 + -1) - -5)
-1
What is the value of (11 - 9) + (-2 - 1)?
-1
Calculate 7 - ((-5 - -9) + 2 + -1).
2
What is 6 + (-10 - -4) - 2 - -2?
0
What is the value of 0 - (-5 + (-1 - -5) - -3)?
-2
What is the value of (6 - 4) + -2 - 0?
0
Calculate 4 + (4 - -1 - 5).
4
What is the value of 11 - 6 - 0 - 2?
3
-10 + 8 + (-1 - (1 - 2))
-2
What is the value of -2 - 0 - (-1 + (-1 - -4))?
-4
Evaluate (5 - 2) + (-3 - -3) - 1.
2
0 + (4 - 4) + 1 + 0
1
What is 8 + (-20 - 4) + -2 + 7?
-11
Evaluate -5 - (-19 + 5 + 4).
5
4 - (15 - (8 + 0))
-3
What is the value of 12 - (-1 - -8 - -1)?
4
What is the value of 7 - (0 - -9 - -4)?
-6
What is the value of -2 + -3 + 4 + -3?
-4
Evaluate -9 + (18 - (14 + -7) - 6).
-4
What is the value of -6 - (-3 - (0 + 2) - -1)?
-2
-1 - -4 - (-2 - -2)
3
-2 + 11 - (1 + 4)
4
-4 - -3 - (2 - -1)
-4
What is 6 - ((-1 - 2) + 4)?
5
Evaluate (-2 - -2 - -5) + (-4 - -4).
5
Calculate 4 - -3 - (14 + -8).
1
Calculate -1 + 6 - (-10 + 10).
5
What is the value of 12 - (-3 - (-22 + 10))?
3
What is the value of -1 + -1 + -1 + 0 + 0?
-3
What is the value of -124 - -121 - (-5 + -1)?
3
3 + -1 - (17 - 17)
2
What is the value of 4 + (-6 + 8 - (2 + 1))?
3
Evaluate (3 - (-5 + 5)) + -22 + 17.
-2
Evaluate 2 + (1 + -6 - -2) + 3.
2
Calculate (2 - -1) + (0 - -1) + 0.
4
What is the value of -9 + 2 + 1 + 2 - -4?
0
What is the value of -11 - (1 + -3 + (-3 - -2))?
-8
What is (-8 - -2) + 5 + (15 - 9)?
5
What is 13 + -13 + (-1 - 1)?
-2
What is 5 - (2 + 1) - 0?
2
What is the value of 1 + -1 + 4 + -9?
-5
-3 - (-2 - (1 + -1) - -1)
-2
Calculate -1 + (0 - (-2 - (4 + -3))).
2
(-3 - -1) + 4 + 0 - -4
6
Evaluate -5 + (-1 - (0 - (0 + 1))).
-5
What is 0 - -2 - (0 + 1)?
1
9 - (3 + -9 + 13)
2
Evaluate 23 + -22 + (-2 + -1 - 2).
-4
Calculate (6 - 2) + -9 + 10.
5
What is (-2 - -3) + -2 + -9 + 5?
-5
Evaluate 1 + -5 + (-17 - -17).
-4
Calculate (6 - 3) + (-3 - 0) + 4.
4
What is -1 + (-3 - -6 - 4)?
-2
Evaluate (2 - 10) + 5 - -8 - 8.
-3
Evaluate (2 - (-1 + 5)) + 6.
4
-20 - -23 - (4 - 1 - 0)
0
What is -2 - (-3 - (-8 + 8))?
1
Calculate (0 - -7) + (1 - 4 - -1).
5
Evaluate -5 - (3 - -2) - (-2 - 2).
-6
What is the value of 12 + (-9 - (-6 + 2))?
7
What is the value of -1 - (-6 + 4) - -4?
5
Evaluate 2 + (-1 - (1 - -3)).
-3
Calculate -2 + (-7 - (-8 + -3)) + 7.
9
What is the value of -2 + -6 - (-10 + 1 + 6)?
-5
Calculate (8 - -21 - 14) + (-11 - -3).
7
6 + -8 + (-1 - 1)
-4
Evaluate (4 - 10 - -8) + 6.
8
What is the value of 0 + (2 - 3) - 0?
-1
26 + -26 - (9 + -2)
-7
What is 0 - 13 - (-5 + 13 + -12)?
-9
0 - (2 - (0 + 1))
-1
What is -114 + 109 - (-4 + -1)?
0
What is the value of -7 - -3 - (4 + -12)?
4
What is the value of -6 + 0 - (8 - (12 + 2))?
0
Evaluate (4 + -3 - 4) + (0 - -4).
1
(5 - -7) + (-3 - 1)
8
-3 + 1 + (3 - -4)
5
What is the value of -2 + -10 + 21 + -3?
6
What is (5 - (-3 - 1 - -5)) + -9?
-5
Calculate 2 - (-2 - (-6 - 0) - -4).
-6
Calculate -8 + -5 + 10 + 2.
-1
-1 - -2 - 8 - (138 - 144)
-1
What is 7 - (2 - 3 - (0 - 4))?
4
What is the value of 15 + -19 + 5 + -2 + 0?
-1
Evaluate -2 + 9 + -4 + -2.
1
What is the value of (5 + -5 - -5) + -1?
4
-2 - (5 + -1 + -7)
1
-7 + 0 - (-16 + 14)
-5
What is the value of 3 - (4 + 2) - (-19 + 13)?
3
What is the value of (-7 - (-22 - -9)) + -2?
4
-3 + (2 - 0) + 0
-1
-1 + 4 + -1 + -14 + 10
-2
Calculate (11 - 4 - 9) + 5.
3
Calculate 1 + -2 + (-5 - -9).
3
Evaluate -1 + -2 - (-2 - 3).
2
Calculate -1 + (2 - (1 + -8 - -4)).
4
Evaluate -1 - (8 + -18) - 14.
-5
Evaluate -2 - -1 - (-2 - -2).
-1
What is the value of (0 - (3 + (0 - 2))) + -3?
-4
Evaluate 3 + -4 - 2 - 1.
-4
What is 6 + (2 - 7) + 3?
4
Evaluate -2 + 1 - (3 + -4 - -2).
-2
6 + 0 + 4 + -8
2
Calculate (-4 + 1 - -1) + (-54 - -61).
5
What is the value of 2 - (-7 - -8) - (-3 - -4)?
0
Calculate (11 - (3 + 2)) + -5.
1
What is the value of (1 - -2 - -2 - 4) + -4?
-3
Calculate 57 + -57 + (-1 - 1) + 1.
-1
Evaluate 4 + 1 - (-17 + 18).
4
What is -2 + (9 - 1 - 1)?
5
Calculate 3 + (-11 - 10 - -13).
-5
What is the value of 6 - (7 + 7 + -10)?
2
What is the value of 13 + -4 + 19 + -25?
3
What is the value of (0 - 6) + 3 - -4?
1
Evaluate -3 + (-3 - (1 + 0 - 2)).
-5
What is the value of (-6 + 4 - 1) + 6?
3
(-9 - -1) + -38 + 52
6
Calculate 10 + (-27 - -11) - (1 - 9).
2
What is the value of (3 + (-2 - -3) - 0) + -1?
3
Evaluate 2 - (1 - 5 - -3).
3
What is 0 + 8 + -9 - -8?
7
What is -4 + 0 - ((-2 - -5) + -9)?
2
Evaluate 4 - (-1 + 1 - (0 + -3)).
1
-1 - (-3 + -5 + -3)
10
Calculate 8 + (2 + -4 - 3 - 0).
3
What is 4 - (-4 - (1 + -10 + -4))?
-5
What is the value of -1 - (-2 - 4) - -1 - 2?
4
Calculate 2 - (1 - ((-4 - -4) + 4)).
5
What is 0 + -4 + 3 + 4 + -2?
1
Calculate 0 + (2 - (5 - (-5 - -6))).
-2
(8 - 0) + -24 + 14
-2
What is -22 + 19 - (1 + -1)?
-3
What is (-22 - -33) + (-1 - 7)?
3
Calculate 4 + 6 + -4 + -7.
-1
2 - (5 + 1 - (-23 - -30))
3
What is -3 + (-3 - -3) + 1 + 1?
-1
Calculate 5 - (19 - -1 - 10).
-5
What is the value of 7 + (0 - (5 + -1))?
3
16 - -1 - 8 - 10
-1
Calculate (-28 - -28) + -4 + 3 + -1.
-2
What is the value of 4 - (-2 + 10) - (-2 + -3)?
1
Evaluate -2 + 1 + 117 + -115.
1
Calculate -5 - (-1 + (-1 - -4)) - -4.
-3
Calculate 1 + 15 + -9 + -5.
2
Evaluate 4 + -13 + (7 - 8).
-10
Evaluate 10 + -1 + (85 - 101).
-7
What is 2 - -1 - (-6 + 12)?
-3
(-4 - -14) + -5 - 3
2
What is the value of 1 + -5 - (1 + -3 + 3)?
-5
Calculate -12 + -5 + 13 - -6.
2
Calculate 0 - 8 - (-9 + 2).
-1
What is the value of -43 - -53 - (2 - 0)?
8
(0 - -7) + (-47 - -33) + 1
-6
Evaluate 1 - 4 - (0 + -3).
0
What is the value of 2 + 1 + (0 - -1)?
4
What is the value of 11 + (-13 - -7) - 9?
-4
What is the value of 10 + -15 + 0 + 5?
0
-6 - ((1 - 5) + -7)
5
Calculate -1 - 3 - (16 + -21).
1
1 - (3 + 4 + -1 + -1)
-4
Evaluate (8 - 0 - 5) + -1 + -9.
-7
(-5 - -4 - 1) + 2
0
What is the value of (0 - 1) + 0 + 2?
1
-12 - (-9 + (1 - 0))
-4
What is the value of -6 - ((0 - (3 + -2)) + 2)?
-7
27 - 23 - (4 + 0)
0
Evaluate 11 + -9 + -2 + 1 + 1.
2
What is the value of 7 - (1 - (-5 - -6))?
7
-3 - ((-16 - -8) + 1)
4
What is the value of 4 - ((-6 - -10) + -8)?
8
Evaluate -11 + 12 - (-2 - (-3 + -1)).
-1
Calculate (-8 - -1 - 3) + 4 +